 f, -5*f + p = 5*x. Calculate the highest common divisor of f and 10.
5
Suppose -3*o - 9 = 3, -o = 3*x - 50. What is the highest common factor of 9 and x?
9
Let i be 14/3 + (-2)/(-6). Suppose 2*g + 3*t = 141, i*g - 4*t - 362 = -2*t. What is the greatest common factor of g and 8?
8
Let k = 11 + 34. Calculate the highest common factor of k and 18.
9
Let o be 81 + (0 - (5 - 12/3)). What is the highest common factor of o and 32?
16
Let n(q) = 5*q + 3. Let z be n(3). Calculate the highest common divisor of z and 18.
18
Suppose 2*c = 108 + 52. What is the highest common factor of 16 and c?
16
Let y be 0 + 1 - (-16)/2. Calculate the highest common factor of y and 1.
1
Let x be (5/2)/(8/16). Suppose l = 2*b + 28 - 4, -2*b = l - 8. Suppose 2*d - 1 = 5*s - 0*s, -5*d = s - l. What is the greatest common divisor of x and s?
1
Suppose 176 = 2*d - 4*k, 3*d + 4*k + 39 - 283 = 0. Let m be -8 + 6 + 5 - -9*1. What is the greatest common divisor of m and d?
12
Suppose 0 = -5*s + 99 - 9. Calculate the highest common factor of s and 72.
18
Suppose -4*t + f = 28, 0*f - 36 = 5*t - f. Let g = -4 - t. What is the highest common divisor of g and 32?
4
Suppose 0*c = 4*c - 20. What is the greatest common factor of 45 and c?
5
Suppose -6 = k + k, 73 = 4*u + 5*k. Let b be 101/11 - 4/u. Let r = b + -5. What is the highest common factor of r and 10?
2
Let j be 1 - (-5)/2*2. Suppose 2*n - 2 = f + 2*f, -f = -2*n + j. Calculate the greatest common divisor of f and 18.
2
Suppose -4*s - s + 110 = j, 3*j = 15. Let o be (s/6 + -4)*-6. Calculate the highest common divisor of o and 30.
3
Let k be (0 - 1/1)*-1. Let z = -4 + 4. Suppose z = u - 4*u + 12. Calculate the highest common divisor of u and k.
1
Let n be (-3)/2*(-8)/(-6). Let f = n - -3. Suppose -4*x + f = -15. Calculate the greatest common divisor of 16 and x.
4
Suppose 10 = -5*b + 35. Suppose b = 6*c - 5*c. Suppose -6*o + 3*o = 4*j - 74, -4*j = -o - 82. What is the greatest common divisor of j and c?
5
Let o = 42 - 38. Calculate the highest common factor of o and 4.
4
Let t = -15 + 21. Let o = -9 + 11. Suppose o*z - 124 = t. What is the highest common divisor of z and 13?
13
Let s(m) = m**3 + 12*m**2 + 11*m + 8. Let h be s(-11). What is the greatest common divisor of h and 72?
8
Suppose 250 = 5*c - 0*c. Suppose -2*m = 3*m - c. Suppose m - 74 = -4*j. Calculate the highest common factor of 4 and j.
4
Let k be 0 + 2 + (0 - -3). Suppose -3*a = -k*a + 2, 3*a = 4*z - 29. What is the highest common factor of z and 40?
8
Let u be (-21)/(-2)*40/15. Let q = 73 - 52. Suppose -t + q = 2*t. Calculate the highest common factor of t and u.
7
Let l be 78/(-65)*80/(-6). What is the highest common factor of 80 and l?
16
Let p = -22 + 43. Let m = -13 - -76. Calculate the greatest common factor of m and p.
21
Suppose -44 = -2*i - 2*c, -c = 4*i - 36 - 58. Let v be (i/(-10))/(2/(-10)). Calculate the highest common factor of 3 and v.
3
Let r(q) = -5 + 0 - q + 4*q - 8*q. Let l be r(-4). What is the highest common divisor of l and 135?
15
Let d be 192/(-3)*(-10)/5. Calculate the highest common factor of d and 16.
16
Let h(y) = -y**3 + 9*y**2 + 10*y. Let k be h(10). Suppose -g = 10 - k. Let x be ((-8)/g)/(16/40). Calculate the highest common divisor of 2 and x.
2
Let u = 0 - -7. What is the greatest common factor of u and 49?
7
Suppose -3*s = -m - 31 - 34, 2*s = 3*m + 55. What is the greatest common divisor of 160 and s?
20
Suppose 0*t - 25 = -5*t. Let i = t + -3. Calculate the highest common divisor of 3 and i.
1
Let w = -35 - -59. Let l be 1/(2/(w/3)). Let z be (-2)/7 - (-30)/7. Calculate the greatest common factor of z and l.
4
Let s(a) = 13*a - 13. Let u be s(2). Calculate the highest common factor of u and 117.
13
Suppose 5*g - 3*o = 100, -4*o = -0*g + 3*g - 89. Calculate the greatest common divisor of 46 and g.
23
Suppose -4*o + 3*o = -12. Let i be 310/o - (-2)/12. Calculate the greatest common factor of 182 and i.
26
Suppose 3*d + 80 = 29. Let y = 26 + d. Calculate the greatest common factor of y and 45.
9
Let p be (-8)/20 - 16/10. Let w be ((-15)/p)/(30/40). Calculate the highest common divisor of w and 80.
10
Let z(t) = -t**2 + 4*t + 4. Let d be z(4). Suppose d*y - 68 = 5*r, -2*y = -0*y - 5*r - 44. What is the highest common divisor of y and 12?
12
Suppose -1 + 51 = 5*m. What is the highest common divisor of m and 20?
10
Let z(x) = 2*x**2 - 3*x + 2. Let m(l) = l**3 - 5*l**2 + 3. Let s be m(5). Let t be z(s). What is the greatest common factor of t and 88?
11
Let y be (-18)/12*(-248)/6. Let x be (20/(-25))/(2/75). Let h = y + x. Calculate the greatest common divisor of 4 and h.
4
Let n = 7 + -4. Suppose 3*z = 4*a + 42, 2*z = z + n*a + 19. Calculate the greatest common factor of 90 and z.
10
Let n be (6/9)/((-2)/(-648)). Calculate the highest common factor of n and 27.
27
Suppose 3*h - 8*o - 4 = -9*o, 5*o + 10 = -5*h. Calculate the greatest common factor of 3 and h.
3
Let i(s) = -s**2 + 8*s - 2. Let w be i(4). Suppose h + 3*r - 22 = 0, 0*h - 5*r = 3*h - 46. What is the greatest common factor of h and w?
7
Let j = 46 + -4. What is the highest common divisor of 14 and j?
14
Let d = 8 + -2. Let y be d/21 - 488/(-7). Suppose -r + 4*g = -8 - 2, -3*g = 0. What is the greatest common factor of r and y?
10
Let k(h) = -4*h**3 + h**2 - 3*h + 2. Let j be k(-3). Suppose -d = -3*f - 123, 5*d - j = -2*f + 402. What is the highest common factor of 12 and d?
12
Let i be 3/(-9)*-15 + -4. Suppose 0 = -2*s - 5*m - 8, 2*s - 4*m = m + 12. Calculate the greatest common divisor of i and s.
1
Let o(f) = -f**2 + 9*f - 3. Let r(a) = a**2 - 7*a + 8. Let w be r(7). Let s be o(w). Let b = -3 + s. What is the greatest common factor of 18 and b?
2
Let y = -12 + 10. Let v = y - -6. Suppose -2*u - 4*a - 30 = -3*u, v*u - 107 = 3*a. Calculate the highest common divisor of 26 and u.
26
Suppose -i = -3*i + 4. Let q be 95 - (i - 10 - -4). Suppose -2*y + 7 + 15 = 0. What is the greatest common factor of q and y?
11
Let p(w) = -14*w. Let m be p(1). Let z = m - -34. Calculate the highest common divisor of z and 100.
20
Suppose 3*s - 171 = -0*s. What is the highest common divisor of s and 38?
19
Let q(a) = -5*a - 5. Let s be q(-2). Let g(b) = 19*b**2 + 2*b - 1. Let n be g(1). Calculate the greatest common divisor of n and s.
5
Let d = 40 + -31. What is the highest common factor of d and 288?
9
Let h(y) = -2*y + y**3 + 0*y**2 + 0*y - 5 + 0 + 6*y**2. Let q be h(-6). What is the highest common divisor of 7 and q?
7
Suppose 4*r + 307 = 6*p - p, -2*r + 4 = 0. What is the highest common divisor of 7 and p?
7
Let a = 3 + -1. Let d be (a - 6)/((-5)/20). Calculate the highest common divisor of d and 112.
16
Suppose g + 2*g + 2*s = 343, 3*g + s - 347 = 0. Calculate the highest common divisor of 13 and g.
13
Suppose 4*b - 4*o - 11 = 77, -47 = -2*b + o. Calculate the highest common factor of 125 and b.
25
Let p be (2/(-4))/((-2)/612). Let o = p + -87. Let c = -46 + o. What is the greatest common divisor of c and 4?
4
Let a(f) = 11*f + 1. Let y be a(2). Calculate the greatest common divisor of 46 and y.
23
Let k(u) = u**3 + 6*u**2 + 3*u - 5. Let n be k(-4). What is the highest common divisor of n and 5?
5
Let m(c) = c**3 + 3*c**2 - c + 7. Let f be m(-5). Let s = -23 - f. What is the greatest common divisor of 60 and s?
15
Let z be (70/8)/((-1)/4). Let d = 26 + -16. Let a = d - z. Calculate the highest common factor of 5 and a.
5
Let s(d) = -4*d. Let u be s(-2). Let k = 2 + u. Let g be (6/(-4))/(2/(-20)). What is the highest common divisor of g and k?
5
Let c(o) = -o**2 + 10*o - 2. Let w be 4/(-6) + 115/15. Let s be c(w). What is the greatest common divisor of s and 76?
19
Let h(d) = 12*d**2 - 4*d - 1. Let z be h(2). What is the highest common factor of 13 and z?
13
Suppose -4*b = -5*b + 24. Suppose -4*t = -19 - 29. What is the highest common factor of t and b?
12
Let t(d) = 2*d - 10. Let m be 4/(-6) + (-366)/(-9). Let p be m/6 - 1/(-3). Let r be t(p). What is the highest common divisor of r and 8?
4
Suppose 0 = 6*c - 8 - 88. Calculate the greatest common divisor of c and 4.
4
Suppose -4*n - 4*a + 296 = -0*a, 3*n = -4*a + 224. Suppose -64 - n = -p. What is the greatest common divisor of 17 and p?
17
Suppose -4*c = -c - 18. Suppose -p + d + 5 = -0*d, 25 = 3*p - 5*d. Suppose p = x - c*x + 320. Ca